{"id":2771,"date":"2024-12-30T21:13:38","date_gmt":"2024-12-30T21:13:38","guid":{"rendered":"https:\/\/store.completei.org\/?post_type=product&#038;p=2771"},"modified":"2025-01-02T16:29:42","modified_gmt":"2025-01-02T16:29:42","slug":"desafio-365","status":"publish","type":"product","link":"https:\/\/store.completeyouth.org\/index.php\/product\/desafio-365\/","title":{"rendered":"Desaf\u00edo 365"},"content":{"rendered":"<p>En este a\u00f1o que comienza te invitamos a tomar el \u201cDesaf\u00edo 365\u201d el cual consiste en leer 365 cap\u00edtulos de la Biblia en 365 d\u00edas. Aparta cada d\u00eda 15 minutos para realizar este desaf\u00edo, y al finalizar el a\u00f1o te habr\u00e1s le\u00eddo \u00a1el 30% de la Biblia! Para darte todas las herramientas necesarias para cumplir con este desaf\u00edo, hemos dise\u00f1ado esta gu\u00eda gratuita con importantes tips y con las lecturas para cada d\u00eda. \u00danete al \u201cDesaf\u00edo 365\u201d, y descubre el impacto que las Escrituras pueden tener en tu vida.<\/p>\n","protected":false},"excerpt":{"rendered":"<p>\u00a1Desaf\u00edate este nuevo a\u00f1o a leer 365 cap\u00edtulos de la Biblia en 365 d\u00edas! Descarga de forma gratuita este calendario de lectura y disfruta de un recorrido por partes del Antiguo y Nuevo Testamento en el cual descubrir\u00e1s diariamente, por un a\u00f1o, ense\u00f1anzas, promesas y mensajes que te ofrecer\u00e1n una orientaci\u00f3n espec\u00edfica para tu vida.<\/p>\n","protected":false},"featured_media":2774,"comment_status":"open","ping_status":"closed","template":"","meta":{"give_campaign_id":0,"om_disable_all_campaigns":false,"_monsterinsights_skip_tracking":false,"_monsterinsights_sitenote_active":false,"_monsterinsights_sitenote_note":"","_monsterinsights_sitenote_category":0,"site-sidebar-layout":"default","site-content-layout":"","ast-site-content-layout":"default","site-content-style":"default","site-sidebar-style":"default","ast-global-header-display":"","ast-banner-title-visibility":"","ast-main-header-display":"","ast-hfb-above-header-display":"","ast-hfb-below-header-display":"","ast-hfb-mobile-header-display":"","site-post-title":"","ast-breadcrumbs-content":"","ast-featured-img":"","footer-sml-layout":"","theme-transparent-header-meta":"default","adv-header-id-meta":"","stick-header-meta":"","header-above-stick-meta":"","header-main-stick-meta":"","header-below-stick-meta":"","astra-migrate-meta-layouts":"set","ast-page-background-enabled":"default","ast-page-background-meta":{"desktop":{"background-color":"","background-image":"","background-repeat":"repeat","background-position":"center center","background-size":"auto","background-attachment":"scroll","background-type":"","background-media":"","overlay-type":"","overlay-color":"","overlay-gradient":""},"tablet":{"background-color":"","background-image":"","background-repeat":"repeat","background-position":"center center","background-size":"auto","background-attachment":"scroll","background-type":"","background-media":"","overlay-type":"","overlay-color":"","overlay-gradient":""},"mobile":{"background-color":"","background-image":"","background-repeat":"repeat","background-position":"center center","background-size":"auto","background-attachment":"scroll","background-type":"","background-media":"","overlay-type":"","overlay-color":"","overlay-gradient":""}},"ast-content-background-meta":{"desktop":{"background-color":"var(--ast-global-color-5)","background-image":"","background-repeat":"repeat","background-position":"center center","background-size":"auto","background-attachment":"scroll","background-type":"","background-media":"","overlay-type":"","overlay-color":"","overlay-gradient":""},"tablet":{"background-color":"var(--ast-global-color-5)","background-image":"","background-repeat":"repeat","background-position":"center center","background-size":"auto","background-attachment":"scroll","background-type":"","background-media":"","overlay-type":"","overlay-color":"","overlay-gradient":""},"mobile":{"background-color":"var(--ast-global-color-5)","background-image":"","background-repeat":"repeat","background-position":"center center","background-size":"auto","background-attachment":"scroll","background-type":"","background-media":"","overlay-type":"","overlay-color":"","overlay-gradient":""}}},"product_brand":[],"product_cat":[44,60],"product_tag":[],"class_list":{"0":"post-2771","1":"product","2":"type-product","3":"status-publish","4":"has-post-thumbnail","6":"product_cat-recursos-en-espanol","7":"product_cat-recursos-de-fe","8":"desktop-align-center","9":"tablet-align-left","10":"mobile-align-left","12":"first","13":"instock","14":"downloadable","15":"virtual","16":"purchasable","17":"product-type-simple"},"aioseo_notices":[],"_links":{"self":[{"href":"https:\/\/store.completeyouth.org\/index.php\/wp-json\/wp\/v2\/product\/2771","targetHints":{"allow":["GET"]}}],"collection":[{"href":"https:\/\/store.completeyouth.org\/index.php\/wp-json\/wp\/v2\/product"}],"about":[{"href":"https:\/\/store.completeyouth.org\/index.php\/wp-json\/wp\/v2\/types\/product"}],"replies":[{"embeddable":true,"href":"https:\/\/store.completeyouth.org\/index.php\/wp-json\/wp\/v2\/comments?post=2771"}],"wp:featuredmedia":[{"embeddable":true,"href":"https:\/\/store.completeyouth.org\/index.php\/wp-json\/wp\/v2\/media\/2774"}],"wp:attachment":[{"href":"https:\/\/store.completeyouth.org\/index.php\/wp-json\/wp\/v2\/media?parent=2771"}],"wp:term":[{"taxonomy":"product_brand","embeddable":true,"href":"https:\/\/store.completeyouth.org\/index.php\/wp-json\/wp\/v2\/product_brand?post=2771"},{"taxonomy":"product_cat","embeddable":true,"href":"https:\/\/store.completeyouth.org\/index.php\/wp-json\/wp\/v2\/product_cat?post=2771"},{"taxonomy":"product_tag","embeddable":true,"href":"https:\/\/store.completeyouth.org\/index.php\/wp-json\/wp\/v2\/product_tag?post=2771"}],"curies":[{"name":"wp","href":"https:\/\/api.w.org\/{rel}","templated":true}]}}